{"id":26544,"date":"2024-03-21T16:54:33","date_gmt":"2024-03-21T14:54:33","guid":{"rendered":"https:\/\/radioemanuelcrestin.ro\/?page_id=26544"},"modified":"2024-04-29T17:16:35","modified_gmt":"2024-04-29T17:16:35","slug":"politica-de-confidentialitate","status":"publish","type":"page","link":"https:\/\/radioemanuelcrestin.ro\/?page_id=26544","title":{"rendered":"Politica"},"content":{"rendered":"\t\t<div data-elementor-type=\"wp-page\" data-elementor-id=\"26544\" class=\"elementor elementor-26544\">\n\t\t\t\t<div class=\"elementor-element elementor-element-edd3a04 e-con-full e-flex e-con e-parent\" data-id=\"edd3a04\" data-element_type=\"container\" data-settings=\"{&quot;background_background&quot;:&quot;classic&quot;}\">\n\t\t\t\t<div class=\"elementor-element elementor-element-8e2937b elementor-widget-tablet__width-inherit elementor-widget elementor-widget-heading\" data-id=\"8e2937b\" data-element_type=\"widget\" data-widget_type=\"heading.default\">\n\t\t\t\t<div class=\"elementor-widget-container\">\n\t\t\t<style>\/*! elementor - v3.21.0 - 30-04-2024 *\/\n.elementor-heading-title{padding:0;margin:0;line-height:1}.elementor-widget-heading .elementor-heading-title[class*=elementor-size-]>a{color:inherit;font-size:inherit;line-height:inherit}.elementor-widget-heading .elementor-heading-title.elementor-size-small{font-size:15px}.elementor-widget-heading .elementor-heading-title.elementor-size-medium{font-size:19px}.elementor-widget-heading .elementor-heading-title.elementor-size-large{font-size:29px}.elementor-widget-heading .elementor-heading-title.elementor-size-xl{font-size:39px}.elementor-widget-heading .elementor-heading-title.elementor-size-xxl{font-size:59px}<\/style><h1 class=\"elementor-heading-title elementor-size-default\">Radio Emanuel Crestin<\/h1>\t\t<\/div>\n\t\t\t\t<\/div>\n\t\t\t\t<div class=\"elementor-element elementor-element-8595d25 elementor-widget-tablet__width-inherit elementor-widget elementor-widget-heading\" data-id=\"8595d25\" data-element_type=\"widget\" data-widget_type=\"heading.default\">\n\t\t\t\t<div class=\"elementor-widget-container\">\n\t\t\t<h4 class=\"elementor-heading-title elementor-size-default\">\u201eMuzica care te face mai bun\u201d - \u201eHristos e aici, la Radio Emanuel Crestin!\u201d<\/h4>\t\t<\/div>\n\t\t\t\t<\/div>\n\t\t\t\t<\/div>\n\t\t<div class=\"elementor-element elementor-element-f402e93 e-flex e-con-boxed e-con e-parent\" data-id=\"f402e93\" data-element_type=\"container\">\n\t\t\t\t\t<div class=\"e-con-inner\">\n\t\t\t\t<div class=\"elementor-element elementor-element-954d8dc elementor-widget elementor-widget-text-editor\" data-id=\"954d8dc\" data-element_type=\"widget\" data-widget_type=\"text-editor.default\">\n\t\t\t\t<div class=\"elementor-widget-container\">\n\t\t\t<style>\/*! elementor - v3.21.0 - 30-04-2024 *\/\n.elementor-widget-text-editor.elementor-drop-cap-view-stacked .elementor-drop-cap{background-color:#69727d;color:#fff}.elementor-widget-text-editor.elementor-drop-cap-view-framed .elementor-drop-cap{color:#69727d;border:3px solid;background-color:transparent}.elementor-widget-text-editor:not(.elementor-drop-cap-view-default) .elementor-drop-cap{margin-top:8px}.elementor-widget-text-editor:not(.elementor-drop-cap-view-default) .elementor-drop-cap-letter{width:1em;height:1em}.elementor-widget-text-editor .elementor-drop-cap{float:left;text-align:center;line-height:1;font-size:50px}.elementor-widget-text-editor .elementor-drop-cap-letter{display:inline-block}<\/style>\t\t\t\t<div class=\"b b-html b-s\"><h2 style=\"text-align: center;\">Politica de confiden\u021bialitate<\/h2><h6 class=\"b-c\" style=\"text-align: center;\"><strong>(Rom\u00e2n\u0103)<\/strong><\/h6><p>Daniel Ilea a dezvoltat aplica\u021bia Radio Emanuel Crestin ca aplica\u021bie gratuit\u0103. Acest SERVICIU este furnizat de Daniel Ilea f\u0103r\u0103 costuri \u0219i este destinat utiliz\u0103rii ca atare.<\/p><p>Aceast\u0103 pagin\u0103 este folosit\u0103 pentru a informa vizitatorii cu privire la politicile mele cu privire la colectarea, utilizarea \u0219i dezv\u0103luirea informa\u021biilor personale, dac\u0103 cineva a decis s\u0103 foloseasc\u0103 Serviciul meu.<\/p><p>Dac\u0103 alege\u021bi s\u0103 utiliza\u021bi Serviciul meu, sunte\u021bi de acord cu colectarea \u0219i utilizarea informa\u021biilor \u00een leg\u0103tur\u0103 cu aceast\u0103 politic\u0103. Informa\u021biile personale pe care le colectez sunt utilizate pentru furnizarea \u0219i \u00eembun\u0103t\u0103\u021birea Serviciului. Nu voi folosi \u0219i nu voi \u00eemp\u0103rt\u0103\u0219i informa\u021biile tale cu nimeni, cu excep\u021bia celor descrise \u00een aceast\u0103 Politic\u0103 de confiden\u021bialitate.<\/p><p>Termenii utiliza\u021bi \u00een aceast\u0103 Politic\u0103 de confiden\u021bialitate au acelea\u0219i semnifica\u021bii ca \u0219i \u00een Termenii \u0219i Condi\u021biile noastre, care sunt accesibile la Radio Emanuel Crestin, cu excep\u021bia cazului \u00een care este definit altfel \u00een aceast\u0103 Politic\u0103 de confiden\u021bialitate.<\/p><p><strong>Colectarea \u0219i utilizarea informa\u021biilor<\/strong><\/p><p>Pentru o experien\u021b\u0103 mai bun\u0103, \u00een timp ce folosi\u021bi Serviciul nostru, stochez o ac\u021biune de utilizare a aplica\u021biei pe serverul nostru prin cre\u0219terea sau sc\u0103derea valorii audien\u021bei la un anumit link de streaming radio atunci c\u00e2nd \u00eel reda\u021bi, pentru a informa utilizatorii aplica\u021biei despre c\u00e2te persoane ascult\u0103 \u00een prezent; astfel, pe serverul nostru transparen\u021ba datelor este prioritatea, complet independente de informa\u021biile personale \u0219i nu sunt stocate date legate de dispozitiv.<\/p><div><p>Aplica\u021bia folose\u0219te servicii ter\u021be care pot colecta informa\u021bii folosite pentru a v\u0103 identifica.<\/p><p>Link c\u0103tre politica de confiden\u021bialitate a furnizorilor de servicii ter\u021bi utiliza\u021bi de aplica\u021bie<\/p><ul><li><a href=\"https:\/\/www.google.com\/policies\/privacy\/\" target=\"_blank\" rel=\"noopener noreferrer nofollow\">Servicii Google Play<\/a><\/li><li><a href=\"https:\/\/www.facebook.com\/about\/privacy\/update\/printable\" target=\"_blank\" rel=\"noopener noreferrer nofollow\">Facebook<\/a><\/li><\/ul><\/div><p><strong>Date de jurnal<\/strong><\/p><p>Vreau s\u0103 v\u0103 informez c\u0103 ori de c\u00e2te ori utiliza\u021bi Serviciul meu, \u00een cazul unei erori \u00een aplica\u021bie, colectez date \u0219i informa\u021bii (prin produse ter\u021be) pe telefonul dvs. numite Log Data. Aceste date de jurnal pot include informa\u021bii precum adresa de protocol de internet (\u201eIP\u201d) al dispozitivului dvs., numele dispozitivului, versiunea sistemului de operare, configura\u021bia aplica\u021biei atunci c\u00e2nd utiliza\u021bi Serviciul meu, ora \u0219i data utiliz\u0103rii Serviciului de c\u0103tre dvs. \u0219i alte statistici.<\/p><p><strong>Cookie-uri<\/strong><\/p><p>Cookie-urile sunt fi\u0219iere cu o cantitate mic\u0103 de date care sunt utilizate \u00een mod obi\u0219nuit ca identificatori unici anonimi. Acestea sunt trimise browserului dvs. de pe site-urile web pe care le vizita\u021bi \u0219i sunt stocate \u00een memoria intern\u0103 a dispozitivului dvs.<\/p><p>Acest serviciu nu utilizeaz\u0103 aceste \u201ecookie-uri\u201d \u00een mod explicit. Cu toate acestea, aplica\u021bia poate folosi coduri ter\u021b\u0103 parte \u0219i biblioteci care folosesc \u201ecookie-uri\u201d pentru a colecta informa\u021bii \u0219i pentru a-\u0219i \u00eembun\u0103t\u0103\u021bi serviciile. Ave\u021bi op\u021biunea fie de a accepta, fie de a refuza aceste module cookie \u0219i de a \u0219ti c\u00e2nd este trimis un cookie pe dispozitivul dumneavoastr\u0103. Dac\u0103 alege\u021bi s\u0103 refuza\u021bi cookie-urile noastre, este posibil s\u0103 nu pute\u021bi utiliza unele p\u0103r\u021bi ale acestui Serviciu.<\/p><p><strong>Prestatori de servicii<\/strong><\/p><p>Pot angaja companii \u0219i persoane ter\u021be din urm\u0103toarele motive:<\/p><ul><li>Pentru a facilita Serviciul nostru;<\/li><li>Pentru a furniza Serviciul \u00een numele nostru;<\/li><li>Pentru a presta servicii legate de Servicii; sau<\/li><li>Pentru a ne ajuta s\u0103 analiz\u0103m modul \u00een care este utilizat Serviciul nostru.<\/li><\/ul><p>Doresc s\u0103 informez utilizatorii acestui Serviciu c\u0103 ace\u0219ti ter\u021bi au acces la informa\u021biile lor personale. Motivul este de a \u00eendeplini sarcinile care le sunt atribuite \u00een numele nostru. Cu toate acestea, ace\u0219tia sunt obliga\u021bi s\u0103 nu dezv\u0103luie sau s\u0103 utilizeze informa\u021biile \u00een niciun alt scop.<\/p><p><strong>Securitate<\/strong><\/p><p>Apreciez \u00eencrederea dumneavoastr\u0103 \u00een furnizarea informa\u021biilor dumneavoastr\u0103 personale, prin urmare ne str\u0103duim s\u0103 folosim mijloace acceptabile din punct de vedere comercial de a le proteja. Dar aminti\u021bi-v\u0103 c\u0103 nicio metod\u0103 de transmitere prin internet sau metod\u0103 de stocare electronic\u0103 nu este 100% sigur\u0103 \u0219i de \u00eencredere \u0219i nu pot garanta securitatea sa absolut\u0103.<\/p><p><strong>Link-uri c\u0103tre alte site-uri<\/strong><\/p><p>Acest serviciu poate con\u021bine link-uri c\u0103tre alte site-uri. Dac\u0103 face\u021bi clic pe un link ter\u021b\u0103 parte, ve\u021bi fi direc\u021bionat c\u0103tre acel site. Re\u021bine\u021bi c\u0103 aceste site-uri externe nu sunt operate de mine. Prin urmare, v\u0103 sf\u0103tuiesc cu insisten\u021b\u0103 s\u0103 consulta\u021bi Politica de confiden\u021bialitate a acestor site-uri web. Nu am control asupra \u0219i nu \u00eemi asum nicio responsabilitate pentru con\u021binutul, politicile de confiden\u021bialitate sau practicile oric\u0103ror site-uri sau servicii ter\u021be.<\/p><p><strong>Confiden\u021bialitatea copiilor<\/strong><\/p><div><p>Aceste Servicii nu se adreseaz\u0103 nim\u0103nui sub v\u00e2rsta de 13 ani. Nu colectez cu bun\u0103 \u0219tiin\u021b\u0103 informa\u021bii de identificare personal\u0103 de la copii sub 13 ani. \u00cen cazul \u00een care descop\u0103r c\u0103 un copil sub 13 ani mi-a furnizat informa\u021bii personale, \u0219terg imediat acestea de pe serverele noastre. Dac\u0103 sunte\u021bi p\u0103rinte sau tutore \u0219i \u0219ti\u021bi c\u0103 copilul dumneavoastr\u0103 ne-a furnizat informa\u021bii personale, v\u0103 rog s\u0103 m\u0103 contacta\u021bi pentru a putea face ac\u021biunile necesare.<\/p><\/div><p><strong>Modific\u0103ri ale acestei politici de confiden\u021bialitate<\/strong><\/p><p>Pot actualiza Politica noastr\u0103 de confiden\u021bialitate din c\u00e2nd \u00een c\u00e2nd. Astfel, sunte\u021bi sf\u0103tuit s\u0103 revizui\u021bi periodic aceast\u0103 pagin\u0103 pentru orice modific\u0103ri. V\u0103 voi anun\u021ba cu privire la orice modificare prin publicarea noii Politici de confiden\u021bialitate pe aceast\u0103 pagin\u0103.<\/p><p>Aceast\u0103 politic\u0103 este \u00een vigoare din 18.02.2024<\/p><p><strong>Contacta\u0163i-ne<\/strong><\/p><p>Dac\u0103 ave\u021bi \u00eentreb\u0103ri sau sugestii despre politica mea de confiden\u021bialitate, nu ezita\u021bi s\u0103 m\u0103 contacta\u021bi la radioemanuelcrestin@gmail.com.<\/p><p>Aceast\u0103 pagin\u0103 de politic\u0103 de confiden\u021bialitate a fost creat\u0103 la <a href=\"https:\/\/privacypolicytemplate.net\" target=\"_blank\" rel=\"noopener noreferrer nofollow\">privacypolicytemplate.net <\/a> \u0219i modificat\u0103\/generat\u0103 de <a href=\"https:\/\/app-privacy-policy-generator.nisrulz.com\/\" target=\"_blank\" rel=\"noopener noreferrer nofollow\">App Privacy Policy Generator<\/a><\/p><\/div><div class=\"b b-html b-s\"><h2 style=\"text-align: center;\">Privacy Policy<\/h2><h6 class=\"b-c\" style=\"text-align: center;\"><strong>(English)<\/strong><\/h6><p>Daniel Ilea built the Radio Emanuel Crestin app as a Free app. This SERVICE is provided by Daniel Ilea at no cost and is intended for use as is.<\/p><p>This page is used to inform visitors regarding my policies with the collection, use, and disclosure of Personal Information if anyone decided to use my Service.<\/p><p>If you choose to use my Service, then you agree to the collection and use of information in relation to this policy. The Personal Information that I collect is used for providing and improving the Service. I will not use or share your information with anyone except as described in this Privacy Policy.<\/p><p>The terms used in this Privacy Policy have the same meanings as in our Terms and Conditions, which are accessible at Radio Emanuel Crestin unless otherwise defined in this Privacy Policy.<\/p><p><strong>Information Collection and Use<\/strong><\/p><p>For a better experience, while using our Service, I store one app usage action in our server by incrementing or decrementing the audience value to a specific radio streaming link when you play it, in order to inform app users about how many people are currently listening; thus, transparent data, completely independent of personal information, and no device-related data is stored in our server.<\/p><div><p>The app does use third-party services that may collect information used to identify you.<\/p><p>Link to the privacy policy of third-party service providers used by the app<\/p><ul><li><a href=\"https:\/\/www.google.com\/policies\/privacy\/\" target=\"_blank\" rel=\"noopener noreferrer nofollow\">Google Play Services<\/a><\/li><li><a href=\"https:\/\/www.facebook.com\/about\/privacy\/update\/printable\" target=\"_blank\" rel=\"noopener noreferrer nofollow\">Facebook<\/a><\/li><\/ul><\/div><p><strong>Log Data<\/strong><\/p><p>I want to inform you that whenever you use my Service, in a case of an error in the app I collect data and information (through third-party products) on your phone called Log Data. This Log Data may include information such as your device Internet Protocol (\u201cIP\u201d) address, device name, operating system version, the configuration of the app when utilizing my Service, the time and date of your use of the Service, and other statistics.<\/p><p><strong>Cookies<\/strong><\/p><p>Cookies are files with a small amount of data that are commonly used as anonymous unique identifiers. These are sent to your browser from the websites that you visit and are stored on your device&#8217;s internal memory.<\/p><p>This Service does not use these \u201ccookies\u201d explicitly. However, the app may use third-party code and libraries that use \u201ccookies\u201d to collect information and improve their services. You have the option to either accept or refuse these cookies and know when a cookie is being sent to your device. If you choose to refuse our cookies, you may not be able to use some portions of this Service.<\/p><p><strong>Service Providers<\/strong><\/p><p>I may employ third-party companies and individuals due to the following reasons:<\/p><ul><li>To facilitate our Service;<\/li><li>To provide the Service on our behalf;<\/li><li>To perform Service-related services; or<\/li><li>To assist us in analyzing how our Service is used.<\/li><\/ul><p>I want to inform users of this Service that these third parties have access to their Personal Information. The reason is to perform the tasks assigned to them on our behalf. However, they are obligated not to disclose or use the information for any other purpose.<\/p><p><strong>Security<\/strong><\/p><p>I value your trust in providing us your Personal Information, thus we are striving to use commercially acceptable means of protecting it. But remember that no method of transmission over the internet, or method of electronic storage is 100% secure and reliable, and I cannot guarantee its absolute security.<\/p><p><strong>Links to Other Sites<\/strong><\/p><p>This Service may contain links to other sites. If you click on a third-party link, you will be directed to that site. Note that these external sites are not operated by me. Therefore, I strongly advise you to review the Privacy Policy of these websites. I have no control over and assume no responsibility for the content, privacy policies, or practices of any third-party sites or services.<\/p><p><strong>Children\u2019s Privacy<\/strong><\/p><div><p>These Services do not address anyone under the age of 13. I do not knowingly collect personally identifiable information from children under 13 years of age. In the case I discover that a child under 13 has provided me with personal information, I immediately delete this from our servers. If you are a parent or guardian and you are aware that your child has provided us with personal information, please contact me so that I will be able to do the necessary actions.<\/p><\/div><p><strong>Changes to This Privacy Policy<\/strong><\/p><p>I may update our Privacy Policy from time to time. Thus, you are advised to review this page periodically for any changes. I will notify you of any changes by posting the new Privacy Policy on this page.<\/p><p>This policy is effective as of 2024-02-18<\/p><p><strong>Contact Us<\/strong><\/p><p>If you have any questions or suggestions about my Privacy Policy, do not hesitate to contact me at radioemanuelcrestin@gmail.com.<\/p><p>This privacy policy page was created at <a href=\"https:\/\/privacypolicytemplate.net\" target=\"_blank\" rel=\"noopener noreferrer nofollow\">privacypolicytemplate.net <\/a>and modified\/generated by <a href=\"https:\/\/app-privacy-policy-generator.nisrulz.com\/\" target=\"_blank\" rel=\"noopener noreferrer nofollow\">App Privacy Policy Generator<\/a><\/p><\/div>\t\t\t\t\t\t<\/div>\n\t\t\t\t<\/div>\n\t\t\t\t\t<\/div>\n\t\t\t\t<\/div>\n\t\t\t\t<\/div>\n\t\t","protected":false},"excerpt":{"rendered":"<p>Radio Emanuel Crestin \u00ef\u00bf\u00bdMuzica care te face mai bun\u00ef\u00bf\u00bd &#8211; \u00ef\u00bf\u00bdHristos e aici, la Radio Emanuel Crestin!\u00ef\u00bf\u00bd Politica de confiden?ialitate (Rom\u00ef\u00bf\u00bdn?) Daniel Ilea a dezvoltat aplica?ia Radio Emanuel Crestin ca aplica?ie gratuit?. Acest SERVICIU este furnizat de Daniel Ilea f?r? costuri ?i este destinat utiliz?rii ca atare. Aceast? pagin? este folosit? pentru a informa vizitatorii [&hellip;]<\/p>\n","protected":false},"author":1,"featured_media":0,"parent":0,"menu_order":0,"comment_status":"closed","ping_status":"closed","template":"","meta":{"_surecart_dashboard_logo_width":"180px","_surecart_dashboard_show_logo":true,"_surecart_dashboard_navigation_orders":true,"_surecart_dashboard_navigation_subscriptions":true,"_surecart_dashboard_navigation_downloads":true,"_surecart_dashboard_navigation_billing":true,"_surecart_dashboard_navigation_account":true,"_uag_custom_page_level_css":"","site-sidebar-layout":"no-sidebar","site-content-layout":"page-builder","ast-site-content-layout":"full-width-container","site-content-style":"default","site-sidebar-style":"default","ast-global-header-display":"","ast-banner-title-visibility":"","ast-main-header-display":"","ast-hfb-above-header-display":"","ast-hfb-below-header-display":"","ast-hfb-mobile-header-display":"","site-post-title":"disabled","ast-breadcrumbs-content":"","ast-featured-img":"disabled","footer-sml-layout":"","theme-transparent-header-meta":"","adv-header-id-meta":"","stick-header-meta":"","header-above-stick-meta":"","header-main-stick-meta":"","header-below-stick-meta":"","astra-migrate-meta-layouts":"set","ast-page-background-enabled":"default","ast-page-background-meta":{"desktop":{"background-color":"","background-image":"","background-repeat":"repeat","background-position":"center center","background-size":"auto","background-attachment":"scroll","background-type":"","background-media":"","overlay-type":"","overlay-color":"","overlay-gradient":""},"tablet":{"background-color":"","background-image":"","background-repeat":"repeat","background-position":"center center","background-size":"auto","background-attachment":"scroll","background-type":"","background-media":"","overlay-type":"","overlay-color":"","overlay-gradient":""},"mobile":{"background-color":"","background-image":"","background-repeat":"repeat","background-position":"center center","background-size":"auto","background-attachment":"scroll","background-type":"","background-media":"","overlay-type":"","overlay-color":"","overlay-gradient":""}},"ast-content-background-meta":{"desktop":{"background-color":"var(--ast-global-color-5)","background-image":"","background-repeat":"repeat","background-position":"center center","background-size":"auto","background-attachment":"scroll","background-type":"","background-media":"","overlay-type":"","overlay-color":"","overlay-gradient":""},"tablet":{"background-color":"var(--ast-global-color-5)","background-image":"","background-repeat":"repeat","background-position":"center center","background-size":"auto","background-attachment":"scroll","background-type":"","background-media":"","overlay-type":"","overlay-color":"","overlay-gradient":""},"mobile":{"background-color":"var(--ast-global-color-5)","background-image":"","background-repeat":"repeat","background-position":"center center","background-size":"auto","background-attachment":"scroll","background-type":"","background-media":"","overlay-type":"","overlay-color":"","overlay-gradient":""}},"footnotes":""},"class_list":["post-26544","page","type-page","status-publish","hentry"],"uagb_featured_image_src":{"full":false,"thumbnail":false,"medium":false,"medium_large":false,"large":false,"1536x1536":false,"2048x2048":false,"woocommerce_thumbnail":false,"woocommerce_single":false,"woocommerce_gallery_thumbnail":false},"uagb_author_info":{"display_name":"admin","author_link":"https:\/\/radioemanuelcrestin.ro\/?author=1"},"uagb_comment_info":0,"uagb_excerpt":"Radio Emanuel Crestin \u00ef\u00bf\u00bdMuzica care te face mai bun\u00ef\u00bf\u00bd &#8211; \u00ef\u00bf\u00bdHristos e aici, la Radio Emanuel Crestin!\u00ef\u00bf\u00bd Politica de confiden?ialitate (Rom\u00ef\u00bf\u00bdn?) Daniel Ilea a dezvoltat aplica?ia Radio Emanuel Crestin ca aplica?ie gratuit?. Acest SERVICIU este furnizat de Daniel Ilea f?r? costuri ?i este destinat utiliz?rii ca atare. Aceast? pagin? este folosit? pentru a informa vizitatorii&hellip;","_links":{"self":[{"href":"https:\/\/radioemanuelcrestin.ro\/index.php?rest_route=\/wp\/v2\/pages\/26544"}],"collection":[{"href":"https:\/\/radioemanuelcrestin.ro\/index.php?rest_route=\/wp\/v2\/pages"}],"about":[{"href":"https:\/\/radioemanuelcrestin.ro\/index.php?rest_route=\/wp\/v2\/types\/page"}],"author":[{"embeddable":true,"href":"https:\/\/radioemanuelcrestin.ro\/index.php?rest_route=\/wp\/v2\/users\/1"}],"replies":[{"embeddable":true,"href":"https:\/\/radioemanuelcrestin.ro\/index.php?rest_route=%2Fwp%2Fv2%2Fcomments&post=26544"}],"version-history":[{"count":155,"href":"https:\/\/radioemanuelcrestin.ro\/index.php?rest_route=\/wp\/v2\/pages\/26544\/revisions"}],"predecessor-version":[{"id":27320,"href":"https:\/\/radioemanuelcrestin.ro\/index.php?rest_route=\/wp\/v2\/pages\/26544\/revisions\/27320"}],"wp:attachment":[{"href":"https:\/\/radioemanuelcrestin.ro\/index.php?rest_route=%2Fwp%2Fv2%2Fmedia&parent=26544"}],"curies":[{"name":"wp","href":"https:\/\/api.w.org\/{rel}","templated":true}]}}